are the prime factors of 485380899?
3, 991, 54421
What are the prime factors of 499767163?
7, 41, 353, 4933
What are the prime factors of 116066355?
3, 5, 2053, 3769
List the prime factors of 6367704016.
2, 509, 781889
List the prime factors of 57818810.
2, 5, 7, 825983
What are the prime factors of 5827772719?
73, 137, 582719
What are the prime factors of 48372347?
19, 109, 23357
What are the prime factors of 1234785786?
2, 3, 13, 17, 47, 19813
What are the prime factors of 835117995?
3, 5, 101, 551233
What are the prime factors of 745699405?
5, 11, 89, 1259
List the prime factors of 42483485.
5, 11, 31, 24917
List the prime factors of 1458848853.
3, 7, 11, 23, 30509
List the prime factors of 23006162.
2, 2609, 4409
What are the prime factors of 1513861497?
3, 3041, 55313
List the prime factors of 2975906853.
3, 79, 4185523
List the prime factors of 495256341.
3, 31, 5325337
List the prime factors of 133111124.
2, 33277781
List the prime factors of 23506257.
3, 17, 460907
What are the prime factors of 1966271085?
3, 5, 17, 47, 18229
List the prime factors of 16942855.
5, 37, 91583
What are the prime factors of 1279407749?
151, 8472899
What are the prime factors of 10181386?
2, 5090693
List the prime factors of 472801749.
3, 7, 22514369
What are the prime factors of 5501799126?
2, 3, 33961723
What are the prime factors of 664935137?
664935137
List the prime factors of 346007132.
2, 86501783
What are the prime factors of 2967656743?
37, 80206939
What are the prime factors of 2021221512?
2, 3, 953, 1091
List the prime factors of 1152873303.
3, 384291101
List the prime factors of 4052421.
3, 193, 2333
List the prime factors of 257726078.
2, 313, 411703
List the prime factors of 1799285182.
2, 233, 607, 6361
List the prime factors of 30493020.
2, 3, 5, 43, 53, 223
What are the prime factors of 220237516?
2, 17, 31, 191, 547
List the prime factors of 1101166235.
5, 13, 3191, 5309
List the prime factors of 150414420.
2, 3, 5, 13, 79, 2441
List the prime factors of 19570594.
2, 9785297
List the prime factors of 199766586.
2, 3, 929, 35839
List the prime factors of 549885529.
139, 251, 15761
What are the prime factors of 286675629?
3, 19, 5029397
List the prime factors of 5187031.
257, 20183
List the prime factors of 336416101.
7, 23, 2089541
List the prime factors of 23883280.
2, 5, 79, 3779
What are the prime factors of 204293258?
2, 13, 43, 359, 509
What are the prime factors of 4603967515?
5, 7, 131541929
What are the prime factors of 649389130?
2, 5, 13, 23, 47, 4621
What are the prime factors of 373647231?
3, 41516359
List the prime factors of 381180161.
101, 3774061
What are the prime factors of 3403089087?
3, 17, 353, 421, 449
What are the prime factors of 1732783163?
1732783163
List the prime factors of 2898916017.
3, 83, 401, 29033
List the prime factors of 6622295296.
2, 25868341
What are the prime factors of 263003338?
2, 13, 10115513
List the prime factors of 85609706.
2, 7, 13, 19, 1303
List the prime factors of 2582748905.
5, 11, 113, 415567
What are the prime factors of 1586455353?
3, 7, 29, 41, 21179
List the prime factors of 4182479763.
3, 7, 11, 167, 181, 599
List the prime factors of 10688015.
5, 13, 164431
List the prime factors of 1964267915.
5, 3191, 123113
List the prime factors of 25336592.
2, 151, 10487
List the prime factors of 663955962.
2, 3, 271, 408337
What are the prime factors of 4599543708?
2, 3, 127765103
List the prime factors of 224710578.
2, 3, 4161307
What are the prime factors of 102772934?
2, 11, 1889, 2473
List the prime factors of 5059168712.
2, 13, 61, 797473
List the prime factors of 433281254.
2, 7, 53, 583937
What are the prime factors of 1176183091?
8699, 135209
List the prime factors of 58620024.
2, 3, 61, 1483
What are the prime factors of 7130181?
3, 401, 5927
What are the prime factors of 1486813463?
41, 47, 771569
List the prime factors of 342245383.
139, 2462197
What are the prime factors of 299151?
3, 43, 773
List the prime factors of 331234961.
19, 17433419
List the prime factors of 120009929.
13, 23, 401371
List the prime factors of 74353702.
2, 509, 73039
List the prime factors of 331448619.
3, 269, 410717
List the prime factors of 40852620.
2, 3, 5, 75653
What are the prime factors of 4748676421?
239, 19868939
What are the prime factors of 3215560968?
2, 3, 44660569
List the prime factors of 106900602.
2, 3, 17816767
List the prime factors of 63328286.
2, 7, 29, 22283
What are the prime factors of 1991490877?
1991490877
List the prime factors of 4026827893.
11, 17, 857, 25127
What are the prime factors of 5085443?
11, 277, 1669
List the prime factors of 762893026.
2, 7, 23, 2369233
List the prime factors of 24804628.
2, 29, 213833
List the prime factors of 103939874.
2, 2477, 20981
List the prime factors of 1263224934.
2, 3, 70179163
What are the prime factors of 571088788?
2, 79, 1807243
What are the prime factors of 8357985?
3, 5, 2293
What are the prime factors of 148973018?
2, 167, 251, 1777
List the prime factors of 200002846.
2, 1097, 91159
What are the prime factors of 404658703?
89, 127, 35801
What are the prime factors of 66456616?
2, 8307077
What are the prime factors of 80475812?
2, 29, 693757
What are the prime factors of 336984251?
17, 313, 63331
List the prime factors of 197845993.
19, 37, 281431
List the prime factors of 883300700.
2, 5, 1597, 5531
What are the prime factors of 77704359?
3, 4049, 6397
List the prime factors of 145852771.
145852771
List the prime factors of 224058967.
11, 1851727
What are the prime factors of 197518627?
197518627
List the prime factors of 39361828.
2, 11, 53, 16879
List the prime factors of 122329457.
1451, 84307
What are the prime factors of 83903754?
2, 3, 11, 151, 8419
List the prime factors of 284154950.
2, 5, 47, 120917
List the prime factors of 5846012153.
43, 257, 529003
List the prime factors of 63172832.
2, 743, 2657
What are the prime factors of 278297351?
19, 71, 206299
What are the prime factors of 237914036?
2, 443, 134263
What are the prime factors of 49414979?
67, 737537
List the prime factors of 3156652313.
33037, 95549
List the prime factors of 115502774.
2, 67, 599, 1439
List the prime factors of 496520678.
2, 193, 1286323
List the prime factors of 1151417.
1151417
What are the prime factors of 10083575?
5, 149, 2707
What are the prime factors of 80518486?
2, 40259243
List the prime factors of 466721016.
2, 3, 19, 103, 523
What are the prime factors of 1819751304?
2, 3, 7, 139, 149, 523
What are the prime factors of 7655056300?
2, 5, 19, 31, 129967
List the prime factors of 89215426.
2, 29, 41, 37517
What are the prime factors of 953099933?
101, 449, 21017
What are the prime factors of 998056913?
7, 142579559
List the prime factors of 18692623.
53, 352691
List the prime factors of 1577057363.
7, 4327, 52067
What are the prime factors of 31232147?
43, 89, 8161
What are the prime factors of 14146192?
2, 521, 1697
List the prime factors of 689544387.
3, 7, 59, 61837
What are the prime factors of 82137723?
3, 27379241
What are the prime factors of 978530157?
3, 11, 37, 267139
What are the prime factors of 1465282475?
5, 2207, 26557
List the prime factors of 78021293.
7, 11145899
What are the prime factors of 619828675?
5, 433, 57259
What are the prime factors of 3346549443?
3, 59, 6302353
What are the prime factors of 468029691?
3, 23, 167, 4513
What are the prime factors of 203326189?
11, 937, 19727
List the prime factors of 39470038.
2, 131, 150649
List the prime factors of 25414265.
5, 31, 113, 1451
What are the prime factors of 309486487?
12569, 24623
List the prime factors of 1916937116.
2, 23, 1303, 15991
What are the prime factors of 45634286?
2, 173, 131891
What are the prime factors of 61945009?
7, 8849287
List the prime factors of 1540019532.
2, 3, 41, 359, 8719
List the prime factors of 1243544483.
1243544483
What are the prime factors of 919625006?
2, 459812503
What are the prime factors of 1768774?
2, 7, 126341
List the prime factors of 666711040.
2, 5, 197, 661
What are the prime factors of 32334071?
7, 11, 239, 251
What are the prime factors of 968240566?
2, 5557, 87119
What are the prime factors of 2207884166?
2, 211, 311, 16823
List the prime factors of 723548887.
3793, 190759
What are the prime factors of 5917